99. What is o(33)?
163
Let f(i) = 164*i**2 + 2789*i - 2789. Give f(1).
164
Let x(l) = 2333*l**2 + 86323*l + 14. Calculate x(-37).
-60
Let t(s) = 850*s**3 + 6*s**2 - 62*s + 57. Calculate t(1).
851
Let c(b) = 22*b**2 + 514*b + 1526. Calculate c(-3).
182
Let b(u) = 2096*u - 34098. What is b(16)?
-562
Let u(h) = 226*h + 10725. What is u(-45)?
555
Let y(b) = 48*b - 4024. Calculate y(105).
1016
Let y(i) = 48*i**3 - 30*i**2 - 197*i + 179. Determine y(1).
0
Let a(d) = -d**3 + 251*d**2 - 2429*d + 4588. What is a(241)?
9
Let i(d) = -129*d - 15603. Calculate i(-121).
6
Let r(b) = 3972*b + 122504. What is r(-31)?
-628
Let c(o) = -371360*o + 15225735. Determine c(41).
-25
Let a(d) = 30*d**3 + 491*d**2 + 182*d - 8. What is a(-16)?
-104
Let b(k) = -k**3 + 17*k**2 + 26*k - 176. Calculate b(18).
-32
Let u(m) = 1014*m**2 - 25492*m - 45. Determine u(25).
-3595
Let l(m) = 3*m**3 - 688*m**2 + 5518*m + 1742. Calculate l(221).
195
Let g(a) = -142*a + 31459. Calculate g(221).
77
Let q(j) = -5*j**2 - 1053*j - 17271. What is q(-18)?
63
Let s(k) = 562*k**2 + 18584*k + 1193. Give s(-33).
-61
Let u(w) = -w**2 - 5*w + 471. Give u(16).
135
Let c(j) = 3408*j + 443069. What is c(-130)?
29
Let b(w) = -2*w**2 - 154*w - 1401. Determine b(-9).
-177
Let k(w) = 411*w - 4770. What is k(8)?
-1482
Let y(u) = -u**3 + 19*u**2 + 7153*u - 36105. Give y(5).
10
Let l(a) = -2*a**3 + 1164*a**2 + 8262*a - 4. Give l(-7).
-116
Let v(m) = -1907*m**2 - 60975*m + 1573. Determine v(-32).
5
Let o(d) = d**2 - 2126*d + 385522. Calculate o(200).
322
Let d(a) = 5*a**2 + 20*a. Calculate d(-5).
25
Let q(d) = 2*d**3 - 282*d**2 + 2632*d - 5299. What is q(7)?
-7
Let b(c) = -c**3 + 105*c**2 - 1005*c - 329. Determine b(11).
-10
Let d(o) = o**3 - 192*o**2 + 378*o + 466. Determine d(190).
86
Let c(z) = -2*z**3 - 20*z**2 - 309*z - 3076. Calculate c(-10).
14
Let u(v) = -1693*v - 55868. Calculate u(-33).
1
Let l(s) = s**3 + 34*s**2 + 145*s + 134. Determine l(-29).
134
Let n(g) = -2*g**3 + 267*g**2 + 870*g - 98193. What is n(134)?
431
Let g(l) = -37*l**3 + 11*l**2 - 113*l + 194. Calculate g(2).
-284
Let s(d) = 1308*d - 102031. What is s(78)?
-7
Let o(b) = 314600*b - 629243. What is o(2)?
-43
Let a(l) = l**2 + 205*l + 10063. Determine a(-124).
19
Let a(h) = -2*h**3 - 201*h**2 - 104*h - 388. Give a(-100).
12
Let l(p) = 5*p**2 + 33*p - 283. Determine l(-34).
4375
Let i(u) = -1664*u + 13290. What is i(8)?
-22
Let k(s) = 34279*s - 1028366. What is k(30)?
4
Let v(m) = 22550*m + 359941. Calculate v(-16).
-859
Let r(d) = -d**2 + 147*d + 3894. Calculate r(176).
-1210
Let h(r) = -2498*r - 194864. Give h(-78).
-20
Let v(h) = h**3 - 72*h**2 + 724*h - 54. What is v(12)?
-6
Let r(w) = w**2 - 138*w - 1156. Determine r(-15).
1139
Let t(n) = -n**3 - 262*n**2 - 3175*n + 805. Calculate t(-13).
-1
Let t(v) = -2*v**3 + 17*v**2 + 26*v - 50. Give t(-3).
79
Let w(x) = -x**2 + 351*x - 9052. Determine w(28).
-8
Let d(o) = 4865*o + 77284. Give d(-16).
-556
Let w(p) = -p**2 + 248*p + 7125. Give w(-26).
1
Let k(d) = -6140*d - 18500. Determine k(-3).
-80
Let z(n) = -n**2 + 1316*n - 13013. Calculate z(10).
47
Let h(x) = -487*x**2 + 851*x + 1698. Determine h(-2).
-1952
Let u(o) = 53*o**2 - 1566*o + 404. Give u(30).
1124
Let d(p) = 9586*p + 1457057. What is d(-152)?
-15
Let q(a) = -a**2 + 97883*a + 685232. Determine q(-7).
2
Let p(n) = 2*n**2 + 9336*n - 149928. Calculate p(16).
-40
Let q(s) = -s**3 + 37*s**2 - 1727*s + 10474. Determine q(7).
-145
Let h(d) = -d**2 + 48616*d + 437474. What is h(-9)?
-151
Let n(o) = 10926*o - 240388. Determine n(22).
-16
Let h(o) = 25*o**2 + 523*o + 1965. What is h(-16)?
-3
Let f(i) = -2*i**3 - 138*i**2 + 96657*i + 6417. Determine f(-257).
-8
Let r(w) = 110306*w**2 + 1544279*w - 38. Calculate r(-14).
32
Let d(w) = -w**3 - 219*w**2 - 661*w - 2799. Determine d(-216).
9
Let k(u) = u**3 - 292*u**2 + 3395*u - 388. Give k(12).
32
Let g(o) = -o**3 - 95*o**2 + 88*o - 30492. What is g(-99)?
0
Let x(o) = -660*o - 3993. Give x(-8).
1287
Let c(a) = a**2 - 14116*a + 366339. Give c(26).
-1
Let f(a) = -a**3 - 46*a**2 - 422*a + 32. What is f(-13)?
-59
Let b(f) = 5*f**3 + 130*f**2 - 10*f - 204. Determine b(-26).
56
Let j(d) = 109*d**3 + d**2 + 176*d - 490. Determine j(3).
2990
Let b(n) = -2650*n - 190808. Give b(-72).
-8
Let l(c) = c**2 - 4800*c - 169707. Give l(-35).
-482
Let k(z) = -220*z**2 + 6617*z - 515. What is k(30)?
-5
Let u(a) = 60*a**2 + 953*a - 74. Calculate u(-16).
38
Let o(k) = 3*k**2 + 1080*k + 44115. Calculate o(-313).
-18
Let l(j) = -130*j**2 + 2716*j - 8147. What is l(3)?
-1169
Let w(n) = 16*n**2 - 468*n - 475. What is w(-1)?
9
Let f(s) = -2*s**2 - 171*s - 2691. Determine f(-73).
-866
Let g(p) = p**2 + 46030*p + 276191. Calculate g(-6).
47
Let o(l) = -2126*l**2 + 25511*l + 1. Give o(12).
-11
Let k(l) = l**3 + 18*l**2 - 420*l - 6937. Determine k(-17).
492
Let h(x) = -2*x**3 + 374*x**2 - 403*x + 5771. Calculate h(186).
5
Let a(v) = v**3 - 7*v**2 - 2437*v - 11886. What is a(-5)?
-1
Let b(s) = s**3 - 1440*s**2 + 35382*s - 169. Determine b(25).
6
Let g(p) = 17212*p - 223693. What is g(13)?
63
Let j(c) = -c**3 + 9*c**2 - 35*c - 57. Calculate j(8).
-273
Let q(a) = 355*a**2 + 629*a - 125. Give q(-3).
1183
Let a(b) = b**3 - 90*b**2 + 131*b - 12077. Give a(90).
-287
Let l(c) = c**2 + 105*c - 5670. What is l(-119)?
-4004
Let g(n) = 34*n**3 + 15*n**2 - 8*n - 48. Calculate g(-3).
-807
Let l(c) = 2*c**3 - 61*c**2 - 19*c - 214. Determine l(31).
158
Let q(u) = -389*u**2 - 817*u - 75. Give q(-2).
3
Let k(p) = -2*p**3 + 472*p**2 + 977*p - 5407. Determine k(238).
543
Let r(s) = -6*s**2 - 74*s - 548. Determine r(-16).
-900
Let v(s) = s**3 - 21*s**2 + 121*s + 7. Give v(14).
329
Let y(h) = -118*h**2 - 73*h + 11. Calculate y(2).
-607
Let d(b) = -b**2 + 87*b + 3506. Calculate d(117).
-4
Let i(p) = -91053*p - 1092606. Determine i(-12).
30
Let i(b) = -2762*b - 99390. Determine i(-36).
42
Let r(c) = c**3 + 39*c**2 - 273*c + 232. Determine r(-45).
367
Let q(i) = -i**3 - 8*i**2 - 5104*i - 30535. What is q(-6)?
17
Let z(g) = -g**3 + 50*g**2 + 577*g - 6559. Give z(58).
-5
Let x(g) = -14*g**2 + 548*g - 563. Give x(39).
-485
Let f(i) = -i**2 + 2741*i + 128193. Calculate f(-46).
-9
Let m(h) = -5542*h - 49622. Give m(-9).
256
Let d(a) = -a**3 - 38*a**2 + 38*a + 198. Determine d(-39).
237
Let o(g) = g**3 + 24*g**2 - 6*g - 658. Determine o(-23).
9
Let z(i) = -3*i**3 - 28*i**2 + 192*i + 1711. Give z(-10).
-9
Let q(l) = -l**3 + 7*l**2 + 80*l - 546. What is q(10)?
-46
Let k(t) = -179*t - 23733. Calculate k(-127).
-1000
Let b(o) = -35*o**3 + 1384*o**2 - 3291*o - 27. Give b(37).
47
Let v(t) = 177*t**2 - 130*t + 11. Determine v(1).
58
Let z(a) = 4229*a**2 - 8457*a + 9. Calculate z(2).
11
Let h(p) = -3*p**2 - 11*p + 4412. Give h(37).
-102
Let u(d) = -d**2 - 592*d - 74772. Give u(-183).
75
Let p(u) = 137*u - 6498. Determine p(55).
1037
Let k(g) = -3*g**2 - 4854*g - 48248. Determine k(-10).
-8
Let h(o) = 5*o**3 + 788*o**2 + 114*o - 56057. What is h(-157)?
-8
Let i(m) = 373*m**2 + 48458*m - 4150. Calculate i(-130).
10
Let n(r) = r**3 + 7*r**2 + 64*r + 446. Calculate n(-6).
98
Let a(g) = 15*g**2 + 502*g + 702. Determine a(-32).
-2
Let h(o) = -4*o**3 + 4*o**2 + 10*o - 23. What is h(5)?
-373
Let f(z) = 2*z**2 + 475*z + 474. Give f(-1).
1
Let k(n) = -n**3 - 20*n**2 - 70*n - 69. What is k(-6)?
-153
Let r(c) = -372*c - 3013. Determine r(-7).
-409
Let q(u) = 2*u**3 + 1127*u**2 + 4010*u + 50388. Determine q(-560).
-12
Let n(i) = -2*i**2 + 99*i - 152. Calculate n(47).
83
Let i(m) = -6*m**2 - 143*m + 18. Determine i(-13).
863
Let u(c) = -971*c - 37446. Give u(-39).
423
Let g(v) = -15090*v + 422471. Calculate g(28).
-49
Let c(m) = 15*m**3 - 92*m**2 + 46*m - 15. Calculate c(6).
189
Let w(f) = 4*f**2 + 817*f + 15786. Calculate w(-183).
231
Let x(l) = -l**3 - 36*l**2 - 32*l + 540. Calculate x(-34).
-684
Let k(l) = 16*l**2 + 1149*l + 5192. Give k(-67).
33
Let k(y) = 12*y**2 - 13*y - 2091. Calculate k(13).
-232
Let l(c) = -3*c**3 + c**2 - 490*c + 1216. Calculate l(0).
1216
Let x(b) = -9900*b + 208136. Give x(21).
236
Let g(j) = 12*j + 5585. Determine g(-470).
-55
Let l(f) = -8*f**3 + 185*f**2 - 20*f - 49. Calculate l(23).
20
Let n(k) = -2*k**3 + 83*k**2 + 139*k - 39. Determine n(43).
391
Let d(i) = 36*i**2 - 1831*i + 8045. Determine d(46).
-5
Let l(x) = -10*x**2 - 1421*x + 57